{"id":1656,"date":"2023-12-13T22:22:24","date_gmt":"2023-12-13T21:22:24","guid":{"rendered":"http:\/\/eutcc.net\/?page_id=1656"},"modified":"2023-12-13T22:22:24","modified_gmt":"2023-12-13T21:22:24","slug":"february-2024","status":"publish","type":"page","link":"http:\/\/eutcc.net\/?page_id=1656","title":{"rendered":"February 2024"},"content":{"rendered":"\n<p><strong>Turkey Weekly 26 February &#8211; 3 March 2024<\/strong><\/p>\n\n\n\n<p><strong>Turkey Today &#8211; 03.03.2024<\/strong><\/p>\n\n\n\n<p>Final lists of political parties and independent candidates who can participate in local elections were announced by provincial and district election boards.&nbsp;<\/p>\n\n\n\n<p>The hunger strike of political prisoners in prisons demanding &#8216;Freedom for Abdullah \u00d6calan and a political solution to the Kurdish question&#8217; has reached its 98th day.&nbsp;<\/p>\n\n\n\n<p>Chamber of Geological Engineers Diyarbak\u0131r Branch called for a &#8220;Fault Law&#8221; against earthquake risk.&nbsp;<\/p>\n\n\n\n<p><strong>Turkey Today &#8211; 03.03.2024<\/strong><\/p>\n\n\n\n<p>Ankara 9th Criminal Court of Peace canceled the content removal decision of the Turkish government for 45 tweets following the mining disaster in Erzincan province upon X&#8217;s application.&nbsp;<\/p>\n\n\n\n<p>CHP has met with the director of the state-run broadcaster TRT, Mehmet Zahid Sobac\u0131, to discuss the disproportionate airtimes the channel allocates to the ruling AKP. Sobac\u0131 denied the party&#8217;s analysis and deemed it inaccurate.<\/p>\n\n\n\n<p>Human Rights Association (\u0130HD) has drawn attention to neglect in a container town built in Hatay for the refugee survivors of the Feb. 6 earthquakes after a nine-year-old Syrian child drowned in a rainwater well at the premises.<\/p>\n\n\n\n<p>Speaking at the Antalya Diplomacy Forum, Palestinian Foreign Minister Riyadh al-Maliki announced that Palestinian Authority leader Mahmoud Abbas will visit Ankara on 5 March.<\/p>\n\n\n\n<p><strong>Turkey Today &#8211; 01.03.2024<\/strong><\/p>\n\n\n\n<p>The Constitutional Court has found that the denial of books to inmates, including politician Sebahat Tuncel, violated their \u201cfreedom of expression.\u201d&nbsp;<\/p>\n\n\n\n<p>The delegation of the &#8220;International Delegation of Lawyers Against Isolation&#8221;, which is in Turkey visited Asr\u0131n Law Office representing PKK Leader Abdullah Ocalan.&nbsp;<\/p>\n\n\n\n<p>Former Interior Minister Sadettin Tantan has testified as a witness in the \u201cReturn to Life Operation\u201d case and denied responsibility for the disproportionate force used by the military. In 2000, 30 prisoners and two soldiers were killed during the simultaneous military operations in 20 prisons.<\/p>\n\n\n\n<p>Association of Lawyers for Freedom (OHD) executive Necat \u00c7i\u00e7ek was detained during a house raid.<\/p>\n\n\n\n<p>3 journalists detained in Wan were released after giving their statements to the prosecutor&#8217;s office.&nbsp;<\/p>\n\n\n\n<p><strong>Turkey Today &#8211; 29.02.2024<\/strong><\/p>\n\n\n\n<p>A Turkish attack on a poultry farm in the northern Syrian region of \u015eehba has left one villager dead and a teenager seriously injured. Hundreds of chickens died.<\/p>\n\n\n\n<p>A Turkish drone has bombed a car in the Yezidi settlement area of \u015eengal in the Kurdistan Region of Iraq. According to initial reports, the driver was injured.&nbsp;<\/p>\n\n\n\n<p>A military operation has been initiated by the Turkish Armed Forces (TSK) in the rural area of Mount Bagok in the Nusaybin district of Mardin.<\/p>\n\n\n\n<p>The third hearing of the trial against DFG co-chair and journalist Dicle M\u00fcft\u00fco\u011flu on terror charges was held in Diyarbak\u0131r. The court decided for M\u00fcft\u00fco\u011flu&#8217;s release and a travel ban.&nbsp;<\/p>\n\n\n\n<p>The trial of journalist Sedat Y\u0131lmaz on charges of &#8220;being a member of an illegal organization&#8221; based on his journalistic activities started in Diyarbak\u0131r. The court acquitted Sedat Y\u0131lmaz.&nbsp;<\/p>\n\n\n\n<p><strong>Turkey Today &#8211; 28.02.2024<\/strong><\/p>\n\n\n\n<p>Turkey launched an air strikes on 4 vehicles in the Derik city of Northern and Eastern Syria.<\/p>\n\n\n\n<p>3 prisoners who continued their hunger strike in 2 prisons were exiled to different prisons. It was stated that the release of Mehmet Darga, who has been prisoner for 32 years, was postponed and he was placed in solitary confinement.<\/p>\n\n\n\n<p>12 women prisoners in Sincan Women&#8217;s Closed Prison pointed out that their treatment was prevented.&nbsp;<\/p>\n\n\n\n<p>A court sentenced Erdem G\u00fcl, journalist and mayor of Istanbul\u2019s Adalar District Municipality, to five years in prison for &#8220;knowingly and willingly aiding a terrorist organization,\u201d in the Syria-bound intel trucks case.<\/p>\n\n\n\n<p>PIRHA Reporter Diren Keser was arrested after the sentence was finalized, citing his news and virtual media posts.&nbsp;<\/p>\n\n\n\n<p><strong>Turkey Today &#8211; 27.02.2024<\/strong><\/p>\n\n\n\n<p>The first hearing of the case filed against 20 relatives of the disappeared due to &#8220;violating the Law No. 2911 on Meetings and Demonstrations&#8221; for the 950th week of the Saturday Mothers protest started in Istanbul.&nbsp;<\/p>\n\n\n\n<p>Journalists Arif Aslan and Oktay Candemir were detained during house raids in Ban.&nbsp;<\/p>\n\n\n\n<p>Academic M\u00fchdan Sa\u011flam, dismissed in 2017 from Ankara University by a statutory decree for signing the declaration titled &#8220;We Will Not Be a Party to This Crime,&#8221; and later reinstated by a court decision in 2023, has once again been dismissed following the decision of the appeals court.&nbsp;<\/p>\n\n\n\n<p>The trial of ETHA editor Nadiye G\u00fcrb\u00fcz on charges of &#8220;membership in a terrorist organization&#8221; and &#8220;terrorist propaganda&#8221; began in Istanbul. At the end of the trial, Nadiye G\u00fcrb\u00fcz was acquitted.&nbsp;<\/p>\n\n\n\n<p>The 9th hearing of the trial against journalist Deniz Y\u00fccel on charges of &#8220;insulting the president&#8221; and &#8220;insulting the state&#8221; was held in Istanbul. Trial adjourned until June.&nbsp;<\/p>\n\n\n\n<p>The Syrian Observatory for Human Rights reports that Syrian refugees holding &#8220;temporary protection identity&#8221; in Turkey are being forcibly deported to areas controlled by Hayat Tahrir al-Sham in Syria.&nbsp;<\/p>\n\n\n\n<p><strong>Turkey Today &#8211; 26.02.2024<\/strong><\/p>\n\n\n\n<p>Speaking at an event held at Ko\u00e7 University, President of the Constitutional Court Z\u00fcht\u00fc Arslan stated, &#8220;A constitutional state accepts diversity of interpretation but does not allow interpretation to lead to chaos,&#8221; and &#8220;The authority to interpret the Constitution as final and binding belongs to the Constitutional Court.&#8221;<\/p>\n\n\n\n<p>The Parliament will hold its last sitting week between Feb. 26 and March 1 before going into recess due to the upcoming local elections.<\/p>\n\n\n\n<p>Turkey\u2019s Religious Affairs Directorate (Diyanet) has procured camera equipment worth over 40 million Turkish liras (one million dollars) for its media organization Diyanet TV.&nbsp;<\/p>\n\n\n\n<p>A cave-in took place at a mine in Elaz\u0131\u011f, leading to the entrapment of four miners. They were successfully rescued from the site. The incident came just two weeks after the mining disaster in Erzincan province.&nbsp;<\/p>\n\n\n\n<p>Environmental organizations gathered today in many cities across Turkey to file a criminal complaint against those responsible for the tragedy at the \u0130li\u00e7 gold mine on February 13.<\/p>\n\n\n\n<p>CHP Chair \u00d6zg\u00fcr \u00d6zel was elected as the Vice President of the Socialist International at the Socialist International Council Meeting held in Madrid yesterday.&nbsp;<\/p>\n\n\n\n<p><\/p>\n\n\n\n<p><strong>Turkey Weekly 19 &#8211; 25 February 2024<\/strong><\/p>\n\n\n\n<p><strong>Turkey Today &#8211; 25.02.2024<\/strong><\/p>\n\n\n\n<p>The U.S. administration imposed new trade restrictions on 16 entities from Turkey for supporting Russia&#8217;s war effort in Ukraine along with 77 entities from six other countries.<\/p>\n\n\n\n<p>The hunger strike of political prisoners in prisons demanding the freedom of PKK Leader Abdullah Ocalan and a political solution to the Kurdish question has reached its 91st day.&nbsp;&nbsp;<\/p>\n\n\n\n<p>The release of Hakan Abi, a prisoner in Yozgat T Type Prison No 1, was prevented 5 times in 15 months on the grounds that he was &#8220;unrepentant&#8221;.&nbsp;<\/p>\n\n\n\n<p>DEM Party organized a &#8220;Freedom and Democracy&#8221; rally in Istanbul&#8217;s Esenyurt district with the participation of tens of thousands of people.&nbsp;<\/p>\n\n\n\n<p>Gizem \u00d6ztok Alt\u0131nsa\u00e7, Chief Economist at T\u00dcS\u0130AD, said that the Turkish Central Bank&#8217;s inflation forecast would not be materialized because domestic demand has been still very strong. \u201cGovernment has lost control over inflation,\u201d she stated.<\/p>\n\n\n\n<p><strong>Turkey Today &#8211; 24.02.2024<\/strong><\/p>\n\n\n\n<p>The Presidential Communications Center (C\u0130MER) has responded to a 2022 question by the daily BirG\u00fcn about the number of planes and helicopters owned by the Presidency that it had \u201cjust the necessary number of vehicles.\u201d&nbsp;<\/p>\n\n\n\n<p>The government&#8217;s far-right ally YRP leader Erbakan has revealed that they previously demanded two district municipalities in return for their support of AKP in Istanbul in municipal elections. The YRP named a mayoral candidate for Istanbul two weeks ago.<\/p>\n\n\n\n<p>Former PM Tansu \u00c7iller has endorsed ruling AKP\u2019s Istanbul mayoral candidate Murat Kurum. Opponent Ekrem \u0130mamo\u011flu of CHP said the endorsement was expected as Kurum had opened \u00c7iller&#8217;s protected plot for construction as Urbanization Minister.<\/p>\n\n\n\n<p><strong>Turkey Today &#8211; 23.02.2024<\/strong><\/p>\n\n\n\n<p>Ali Erba\u015f, Turkey\u2019s Religious Affairs Director, has urged the Muslim youth to \u201ccarry a deep hatred\u201d against those who \u201cbetray their nation and government,\u201d during an opening ceremony for a youth center.&nbsp;<\/p>\n\n\n\n<p>It was learned that pressure was put on the village guards in the villages of \u015e\u0131rnak to participate in the ongoing military operation in Zap.&nbsp;&nbsp;<\/p>\n\n\n\n<p>\u015e\u00fcheda Ronahi \u00c7ift\u00e7i, executive of \u0130HD Antalya branch, was detained after her visit to prisons in response to applications on rights violations in prisons.&nbsp;<\/p>\n\n\n\n<p>The Ankara Governor\u2019s Office banned an LGBTI+ film festival scheduled to be held from Feb. 23 to 25. The governor justified the ban by claiming to protect \u201cpublic order, public health and morals, and the rights and freedoms of others.\u201d<\/p>\n\n\n\n<p>In Diyarbak\u0131r, a local police department swapped their emblem bearing the abbreviation DEM to EGM to avoid political affiliation.&nbsp;<\/p>\n\n\n\n<p><strong>Turkey Today &#8211; 22.02.2024<\/strong><\/p>\n\n\n\n<p>S\u0131d\u0131ka Erden, mother of ill prisoner Fikret Erden&nbsp;in K\u0131r\u0131kkale prison, said that her son was not given his medicines.&nbsp;<\/p>\n\n\n\n<p>The third hearing of the case filed against journalist Sofya Ala\u011fa\u015f for &#8220;membership in a terrorist organization&#8221; due to her news reports, which led to her imprisonment for a year, was held in Diyarbak\u0131r. Trial adjourned until June.&nbsp;<\/p>\n\n\n\n<p>The trial against journalist Canan Co\u015fkun, stemming from her article titled &#8220;They Sang a Folk Song, They Were Arrested,&#8221; published in Cumhuriyet on August 21, 2016, has been dropped.<\/p>\n\n\n\n<p>Bing\u00f6l Governorate had canceled the Metin &#8211; Kemal Kahraman concert scheduled for February 21, International Mother Language Day.&nbsp;<\/p>\n\n\n\n<p>The police intervened on the second day of student protests at the public Istanbul University against the administration\u2019s recent open-door policy. One student was taken to hospital after incurring injuries during the scuffle.<\/p>\n\n\n\n<p><strong>Turkey Today &#8211; 21.02.2024<\/strong><\/p>\n\n\n\n<p>The microphone of DEM Party deputy Beritan G\u00fcne\u015f, who spoke in Kurdish at the General Assembly of the Parliament on World Mother Language Day, was turned off twice, and Parliament Speaker Celal Adan emphasized &#8220;one language&#8221;.<\/p>\n\n\n\n<p>Prisoner Celal Inedi in Afyonkarahisar Type T Prison said: &#8220;Our radio is being interfered with because we listen to Kurdish. Our Kurdish letters are being confiscated.&#8221;<\/p>\n\n\n\n<p>6 press professional organizations operating in Turkey called on international institutions for the release of prisoner journalist Dicle M\u00fcft\u00fco\u011flu.&nbsp;<\/p>\n\n\n\n<p>A court has banned access to 143 news articles and social media posts about the fraud allegations against government-ally MHP deputy Levent Uysal upon his request.<\/p>\n\n\n\n<p><strong>Turkey Today &#8211; 20.02.2024<\/strong><\/p>\n\n\n\n<p>The police detained DEM Party Esenyurt District Organization co-chairs Bahar Karata\u015f and Fatih Erg\u00fcn and searched the party building.&nbsp;<\/p>\n\n\n\n<p>A court has released a detailed ruling on the Vartinis case saying that the burning of a Kurdish family of nine did not constitute a &#8220;crime against humanity.&#8221; The case was dropped in 2023 due to the statute of limitations.<\/p>\n\n\n\n<p>The release of 3 prisoners from Sincan Women&#8217;s Prison was prevented on the grounds of &#8220;not being ready to integrate with society&#8221; and &#8220;not being well behaved&#8221;.&nbsp;<\/p>\n\n\n\n<p>Party flags hanging at DEM Party&#8217;s election office in Konya&#8217;s Kulu district were removed by two unidentified people.<\/p>\n\n\n\n<p>DEM Party decided to enter the elections with its own candidates in the center and all districts of Izmir, Mu\u011fla and Bal\u0131kesir.&nbsp;<\/p>\n\n\n\n<p>Renowned Turkish lawyer Feyza Altun has been released under judicial control measures for \u2018sharia\u2019 remark.&nbsp;<\/p>\n\n\n\n<p><strong>Turkey Today &#8211; 19.02.2024<\/strong><\/p>\n\n\n\n<p>Energy and natural Resources Minister Alparslan Bayraktar, along with Interior Minister Ali Yerlikaya, provided an update on the current situation at the mining site in the \u0130li\u00e7 district of Erzincan. He said: &#8220;There is no threat to public health in water and soil.&#8221;&nbsp;<\/p>\n\n\n\n<p>Former Yeniakit newspaper columnist Abdurrahman Dilipak claimed that government knew about the 2016 coup attempt in detail four months before.&nbsp;<\/p>\n\n\n\n<p>The police detained lawyer Feyza Altun after she was targeted on social media for &#8220;insulting sharia law.\u201d An Istanbul prosecutor launched an investigation against Altun for &#8220;inciting people to hatred and hostility.\u201dThe release of Soydan Akay, a seriously ill prisoner who spent 30 years in solitary cell for 5 years, was postponed for 6 months for the second time due to &#8220;not being well behaved&#8221;.&nbsp;<\/p>\n\n\n\n<p>(&#8230;)<\/p>\n\n\n\n<p><strong>Turkey Weekly 1 &#8211; 4 February 2024<\/strong><\/p>\n\n\n\n<p><strong>Turkey Today &#8211; 04.02.2024<\/strong><\/p>\n\n\n\n<p>President Erdo\u011fan addressed residents in the earthquake-hit Hatay province and urged them to vote for the ruling AKP\u2019s mayoral candidate in the local elections if they wanted to \u201creceive services\u201d in the province.&nbsp;<\/p>\n\n\n\n<p>Muhammed Ayten, member of the DEM party council, has been arrested in Urfa for alleged membership of the PKK.<\/p>\n\n\n\n<p>The hunger strike in prisons demanding &#8220;Freedom for Abdullah Ocalan and a solution to the Kurdish issue&#8221; has entered its 70th day.&nbsp;<\/p>\n\n\n\n<p>Government\u2019s far-right ally YRP declared it would field its candidates for the mayoral race in the three metropolises Istanbul, Ankara, and \u0130zmir.&nbsp;<\/p>\n\n\n\n<p><strong>Turkey Today &#8211; 03.02.2024<\/strong><\/p>\n\n\n\n<p>DEM Party decided to nominate a candidate for Istanbul Metropolitan Municipality in the upcoming local elections.<\/p>\n\n\n\n<p>President Erdo\u011fan has appointed Central Bank Deputy Governor Fatih Karahan as the new Governor hours after Hafize Gaye Erkan&#8217;s resignation.<\/p>\n\n\n\n<p>DEM Party member Celal F\u0131rat reported the rights violations against prisoners in Marmara No. 2 Type L Prison and submitted it to the Presidency of the Parliamentary Human Rights Investigation Commission.<\/p>\n\n\n\n<p>IHD Istanbul Branch President Gulseren Yoleri stated that they asked the CPT to visit Imral\u0131, where multiple rights violations took place, and to take some coercive measures on the government.&nbsp;<\/p>\n\n\n\n<p>A lawsuit was filed against 71 people who protested in Kad\u0131k\u00f6y district last year regarding the international conspiracy launched against PKK Leader Abdullah Ocalan on October 9, 1998.&nbsp;<\/p>\n\n\n\n<p><strong>Turkey Today &#8211; 02.02.2024<\/strong><\/p>\n\n\n\n<p>After the military operation launched in Bagok Mountain rural area in Mardin&#8217;s Nusaybin district, 5 rural neighborhoods were declared &#8220;Temporary Special Security Zones&#8221;.<\/p>\n\n\n\n<p>A court acquitted Diyarbak\u0131r Bar Association board members who were on trial for making a press statement on the Armenian Genocide. The Bar Association had previously been acquitted in three previous cases on the same charges.<\/p>\n\n\n\n<p>Numan Kurtulmu\u015f speaks about the removal of Can Atalay&#8217;s parliamentary membership. Evaluating criticisms regarding the reading of the decision when he was absent, the Parliament Speaker said: &#8220;These visits were planned months ago&#8221;.&nbsp;<\/p>\n\n\n\n<p>Ramazan Yurttapan, Managing Editor of Demokratik Modernite Magazine, was sentenced to 1 year and 21 months in prison for &#8220;making propaganda for an illegal organisation&#8221;.<\/p>\n\n\n\n<p><strong>Turkey Today &#8211; 01.02.2024<\/strong><\/p>\n\n\n\n<p>Russian President Putin is scheduled to visit Turkey on Feb. 12 for a meeting with his counterpart Erdo\u011fan. This visit marks his first trip to a NATO ally since Russia&#8217;s invasion of Ukraine in February 2022.<\/p>\n\n\n\n<p>Turkey and Ukraine signed the &#8220;Turkish-Ukrainian Reconstruction Task Force&#8221; that will allow Turkish construction firms to take part in the reconstruction of Ukrainian infrastructure damaged amid Russia&#8217;s invasion.&nbsp;<\/p>\n\n\n\n<p>Kars Governorship issues a ban on demonstrations, marches, and open-air gatherings ahead of the &#8220;Freedom March&#8221;&nbsp;which is organized to demand the lifting of the isolation on PKK leader Abdullah \u00d6calan in the \u0130mral\u0131 Island prison.<\/p>\n\n\n\n<p>A house damaged in the Feb. 6 earthquakes one year ago collapsed in Urfa province. Two people lost their lives, and eight people, including children, were injured.<\/p>\n\n\n\n<p>Prisoner Ekrem G\u00fcn, who was sentenced to aggravated life imprisonment, is threatened with death by a person named Ismet Ozdemir, who was brought to his adjacent cell and stated that he was a shooter.&nbsp;<\/p>\n","protected":false},"excerpt":{"rendered":"<p>Turkey Weekly 26 February &#8211; 3 March 2024 Turkey Today &#8211; 03.03.2024 Final lists of political parties and independent candidates who can participate in local elections were announced by provincial and district election boards.&nbsp; The hunger strike of political prisoners&hellip; <a href=\"http:\/\/eutcc.net\/?page_id=1656\" class=\"more-link\">Continue reading <span class=\"meta-nav\">&rarr;<\/span><\/a><\/p>\n","protected":false},"author":1,"featured_media":0,"parent":0,"menu_order":0,"comment_status":"closed","ping_status":"closed","template":"","meta":{"footnotes":""},"class_list":["post-1656","page","type-page","status-publish","hentry"],"_links":{"self":[{"href":"http:\/\/eutcc.net\/index.php?rest_route=\/wp\/v2\/pages\/1656","targetHints":{"allow":["GET"]}}],"collection":[{"href":"http:\/\/eutcc.net\/index.php?rest_route=\/wp\/v2\/pages"}],"about":[{"href":"http:\/\/eutcc.net\/index.php?rest_route=\/wp\/v2\/types\/page"}],"author":[{"embeddable":true,"href":"http:\/\/eutcc.net\/index.php?rest_route=\/wp\/v2\/users\/1"}],"replies":[{"embeddable":true,"href":"http:\/\/eutcc.net\/index.php?rest_route=%2Fwp%2Fv2%2Fcomments&post=1656"}],"version-history":[{"count":0,"href":"http:\/\/eutcc.net\/index.php?rest_route=\/wp\/v2\/pages\/1656\/revisions"}],"wp:attachment":[{"href":"http:\/\/eutcc.net\/index.php?rest_route=%2Fwp%2Fv2%2Fmedia&parent=1656"}],"curies":[{"name":"wp","href":"https:\/\/api.w.org\/{rel}","templated":true}]}}