{"id":1792,"date":"2024-10-04T10:16:01","date_gmt":"2024-10-04T08:16:01","guid":{"rendered":"http:\/\/eutcc.net\/?page_id=1792"},"modified":"2024-11-14T17:41:04","modified_gmt":"2024-11-14T16:41:04","slug":"oktober-2024","status":"publish","type":"page","link":"http:\/\/eutcc.net\/?page_id=1792","title":{"rendered":"Oktober 2024"},"content":{"rendered":"\n<p><strong>Turkey Weekly 21 &#8211; 31 October 2024<\/strong><\/p>\n\n\n\n<p><strong>Turkey Today &#8211; 31.10.2024<\/strong><\/p>\n\n\n\n<p>\u0130stanbul&#8217;s Esenyurt district mayor has been remanded in custody on charges of &#8220;being a PKK member.&#8221; He has been replaced by a government appointed trustee.&nbsp;<\/p>\n\n\n\n<p>Minister of Justice Y\u0131lmaz Tun\u00e7 made a statement regarding the isolation of PKK Leader Abdullah \u00d6calan and said that &#8220;new meetings will be evaluated according to the demands&#8221;.&nbsp;<\/p>\n\n\n\n<p>DEM Party&#8217;s demand for the creation of Kurdish interpreter staff in the Parliament was rejected with AKP and MHP votes.&nbsp;<\/p>\n\n\n\n<p>Sabahat \u00c7etinkaya, former co-mayor of Derik district of Mardin, was detained and arrested at the health centre where she went for treatment.&nbsp;<\/p>\n\n\n\n<p>\u0130stanbul\u2019s 35th Penal Court of First Instance has dismissed a 50,000 lira defamation lawsuit filed by journalist \u015eirin Payz\u0131n against the right-wing Victory Party leader \u00dcmit \u00d6zda\u011f.<\/p>\n\n\n\n<p>Turkey Today &#8211; 30.10.2024<\/p>\n\n\n\n<p>The CHP mayor of Istanbul&#8217;s Esenyurt district, Prof. Dr Ahmet \u00d6zer, was arrested at the same time as at least 13 other people on the charge of &#8220;membership of a terrorist organisation&#8221;.<\/p>\n\n\n\n<p>DEM Party Co-Chair Tuncer Bak\u0131rhan announced that they have held talks with the Justice Ministry regarding the prison conditions of Kurdish Political Leader Abdullah \u00d6calan.&nbsp;<\/p>\n\n\n\n<p>Abd\u00fclkerim \u00dczen, Welat Karag\u00f6z, Renas Duymak and an unidentified person were detained in house raids in&nbsp; \u015eirnak&#8217;s Cizre district.&nbsp;&nbsp;<\/p>\n\n\n\n<p>Responding to MHP leader Bah\u00e7eli&#8217;s claims that a Kurdish issue &#8220;did not exist,&#8221; CHP chair \u00d6zg\u00fcr \u00d6zel warned that such denial would set back Turkey half a century.<\/p>\n\n\n\n<p>Even in intensive care, the seriously ill political prisoner Abdurrahman Gemicio\u011flu is handcuffed. His daughter Elif Gemicio\u011flu calls on the public and the authorities to take action.<\/p>\n\n\n\n<p>Turkey Today &#8211; 29.10.2024<\/p>\n\n\n\n<p>In a written statement made for the 101st anniversary of the foundation of the republic, MHP chair Devlet Bah\u00e7eli said, \u201cThe Republic of Turkey does not and will never have a Kurdish problem. The Republic of Turkey does not have an ethnic or sectarian dilemma.\u201d<\/p>\n\n\n\n<p>President Erdo\u011fan, state officials and other leaders attended the traditional ceremony at Atat\u00fcrk\u2019s mausoleum and various events were held across the country to mark the 101st anniversary of the foundation of the Republic.&nbsp;<\/p>\n\n\n\n<p>While the military operation in Mardin&#8217;s Nusaybin district ended, military activities in the region continued.&nbsp;<\/p>\n\n\n\n<p>Israel&#8217;s decision to ban the U.N. relief agency UNRWA from operating inside of the country is a clear violation of international law, Turkey&#8217;s foreign ministry said.&nbsp;<\/p>\n\n\n\n<p>Nineteen people, including a lawyer who was detained directly after a court hearing, were arrested in \u0130stanbul today on charges of &#8220;membership in a terrorist organization.&#8221; Nineteen other suspects were released on judicial control measures.<\/p>\n\n\n\n<p>Turkey Today &#8211; 28.10.2024<\/p>\n\n\n\n<p>Lawyers of PKK Leader Abdullah \u00d6calan applied to Bursa Chief Public Prosecutor&#8217;s Office to meet with their client.&nbsp;<\/p>\n\n\n\n<p>10 bar associations made a joint statement on the&nbsp; attacks of Turkey against North and East Syria.<\/p>\n\n\n\n<p>A large-scale operation was launched by the Turkish army in the Bagok Mountain countryside of Mardin&#8217;s Nusaybin district.<\/p>\n\n\n\n<p>CHP held a \u201cRight to Life\u201d rally in Istanbul. Chair \u00d6zg\u00fcr \u00d6zel urged President Recep Tayyip Erdo\u011fan to address the ongoing discussion ally MHP leader sparked about the potential release of PKK&nbsp;leader Abdullah \u00d6calan.<\/p>\n\n\n\n<p><strong>Turkey Today &#8211; 26.10.2024<\/strong><\/p>\n\n\n\n<p>As a result of the Turkish bombardment against the electricity station in Kobane, the city centre and 366 villages were left without electricity.&nbsp;<\/p>\n\n\n\n<p>With a joint statement, medical chambers in Kurdistan protested the attacks on Northern and Eastern Syria and said &#8216;War is a public health problem&#8217;.&nbsp;<\/p>\n\n\n\n<p>Stating that the condition of Abdurrahman Gemicio\u011flu, who was arrested despite his serious illness, is at a critical stage, his daughter Elif Gemicio\u011flu said, &#8220;Forensic Medicine is deliberately delaying the report that it should prepare immediately.&#8221;&nbsp;<\/p>\n\n\n\n<p>The assets of the Islamic cult led by Adnan Oktar, thought to be at least two billion liras, were transferred to the state. He was sentenced to a total of 8,658 years in prison on charges of \u201cleadership of a criminal organization,\u201d \u201csexual abuse and assault,\u201d \u201cinterruption of the right to education,\u201d and \u201cdeprivation of liberty.\u201d<\/p>\n\n\n\n<p><strong>Turkey Today &#8211; 27.10.2024<\/strong><\/p>\n\n\n\n<p>Putin stated in an interview that his Turkish counterpart Erdogan had suggested reestablishing communications regarding shipping in the Black Sea, but he has not yet had the opportunity to review the relevant documents he gave during the BRIC summit.<\/p>\n\n\n\n<p>Abdurrahman Gemicio\u011flu, who was arrested because his sentence was approved although he was ill, was taken to intensive care unit for treatment.&nbsp;<\/p>\n\n\n\n<p>A court sentenced 16 members of the Religious Scholars Solidarity Association (D\u0130AYDER) to prison in a case launched for delivering sermons and preaching in Kurdish.<\/p>\n\n\n\n<p>Saturday Mothers gathered at Galatasaray Square in week 1022 and asked the fate of Bahri Ka\u011fanaslan, who was disappeared in custody on 29 October 1993 in Diyarbak\u0131r.&nbsp;<\/p>\n\n\n\n<p><strong>Turkey Today &#8211; 25.10.2024<\/strong><\/p>\n\n\n\n<p>The People&#8217;s Defence Centre claimed responsibility for the attack in Ankara emphasizing that it has nothing to do with the political agenda discussed in Turkey in the last month.&nbsp;<\/p>\n\n\n\n<p>The Defense Ministry announced that it struck 29 targets in Syria and Iraq, killing 59 people.&nbsp;<\/p>\n\n\n\n<p>AKP and ally MHP have rejected a parliamentary motion submitted by the CHP to investigate the Oct. 23 attack at Turkish Aerospace Industries in Ankara in \u201call its aspects.\u201d&nbsp;<\/p>\n\n\n\n<p>President Erdo\u011fan held a security summit in Istanbul\u2019s Atat\u00fcrk Airport addressing the recent gun attack at the Turkish Aerospace Industries.&nbsp;<\/p>\n\n\n\n<p>India has rejected Turkey&#8217;s BRICS membership bid, citing the latter&#8217;s close relationship with Pakistan. The bid fell through as no consensus was reached among members, and the group decided not to accept new members in the near future.<\/p>\n\n\n\n<p>Lawyer Dilek Ekmek\u00e7i standing trial for &#8220;membership in an armed terrorist organization&#8221; was rearrested after brief release.&nbsp;&nbsp;<\/p>\n\n\n\n<p><strong>Turkey Today &#8211; 24.10.2024<\/strong><\/p>\n\n\n\n<p>Turkey launched airstrikes on Northern and Eastern Syrian cities following the Ankara attack. In the attacks, 12 people lost their lives and dozens of people were injured. Airstrike were also launched on \u015eengal and the Kurdistan Region of Iraq.&nbsp;<\/p>\n\n\n\n<p>Lawyers from the Asr\u0131n Law Office have made a new application for a meeting with their client Abdullah \u00d6calan. The application came after DEM MP \u00d6mer \u00d6calan visited the island after more then three years of total isolation.&nbsp;<\/p>\n\n\n\n<p>Drawing attention to PKK Leader Abdullah \u00d6calan&#8217;s statement, DEM Party Spokesperson Ay\u015feg\u00fcl Do\u011fan asked whether the state is ready to create the legal and political grounds for the democratic solution of the Kurdish issue.&nbsp;<\/p>\n\n\n\n<p>The Parliament\u2019s general assembly approved a motion to extend the Turkish Armed Forces&#8217; (TSK) mandate in Lebanon for one more year.&nbsp;<\/p>\n\n\n\n<p>The final hearing of the lawsuit filed against Dicle M\u00fcft\u00fco\u011flu, co-chair of Dicle F\u0131rat Journalists Association (DFG), on charges of \u201cbeing a member of a terrorist organization\u201d was held in Diyarbak\u0131r. M\u00fcft\u00fco\u011flu was acquitted.&nbsp;<\/p>\n\n\n\n<p><strong>Turkey Today &#8211; 23.10.2024<\/strong><\/p>\n\n\n\n<p>An explosion occurred in front of the facilities of Turkish Aerospace Industries (TUSA\u015e) headquarters in Ankara. The explosion was followed by gunfire. Officials have confirmed fatalities and injuries.&nbsp;<\/p>\n\n\n\n<p>At least 4 people were detained in house raids in Bitlis&#8217;s Tatvan district in the morning.&nbsp;<\/p>\n\n\n\n<p>The release of 15 women prisoners in Bak\u0131rk\u00f6y Women&#8217;s Prison has been extended by 1 year each.<\/p>\n\n\n\n<p>Prisoner \u0130smet Karak described the practices in Sincan High Security Prison No. 2 and said: \u201cWe are being forced to say, &#8216;Either compromise your political identity and honor, or lose your basic human rights!\u201d<\/p>\n\n\n\n<p>The court in Istanbul announced its decision in the 17th trial hearing where journalist Hayko Ba\u011fdat was charged with &#8220;insulting the president&#8221;. The case was dismissed due to the statute of limitations.<\/p>\n\n\n\n<p><strong>Turkey Today &#8211; 22.10.2024<\/strong><\/p>\n\n\n\n<p>MHP chair Devlet Bah\u00e7eli suggested that in exchange for lifting the solitarity confinement of PKK Leader Abdullah \u00d6calan, he should speak in the parliament to declare that \u201cterrorism has come to an end and that the #PKK has been disbanded.\u201d&nbsp;<\/p>\n\n\n\n<p>President Erdo\u011fan called for the support of all political parties, civil society and the entire public for the new process.&nbsp;<\/p>\n\n\n\n<p>National Defense Ministry issued a message following the death of Fethullah G\u00fclen, the leader of the G\u00fclen Movement, calling on his followers to &#8220;surrender.&#8221;<\/p>\n\n\n\n<p>In the ongoing &#8220;terror&#8221; trial against Kurdish journalist Abdurrahman G\u00f6k, it has emerged that the Diyarbak\u0131r Chief Public Prosecutor&#8217;s Office has initiated new proceedings against him.&nbsp;<\/p>\n\n\n\n<p>Turkey Today &#8211; 21.10.2024<\/p>\n\n\n\n<p>In a social media post, President Erdo\u011fan\u2019s advisor Yi\u011fit Bulut claimed that recent Nobel laureate Daron Acemo\u011flu\u2019s theories were the reason why some countries remained poor.<\/p>\n\n\n\n<p>Fethullah G\u00fclen, leader of G\u00fclen movement, dies in US at 83.&nbsp;<\/p>\n\n\n\n<p>CHP chair \u00d6zg\u00fcr \u00d6zel visited imprisoned Kurdish politicians Selahattin Demirta\u015f and Sel\u00e7uk M\u0131zrakl\u0131 in Edirne Prison before his planned tour of Kurdish cities.&nbsp;<\/p>\n\n\n\n<p>One of the largest bar associations in the world, the Istanbul Bar Association has elected 74-year-old Professor \u0130brahim Kabo\u011flu, a former CHP MP, as its new chair following a 2-day-long congress.<\/p>\n\n\n\n<p>&#8230;.<\/p>\n\n\n\n<p><strong>Turkey Weekly 14 &#8211; 20 October 2024<\/strong><\/p>\n\n\n\n<p><strong>Turkey Today &#8211; 20.10.2024<\/strong><\/p>\n\n\n\n<p>The 22-year-old political prisoner Serhat Temizer, who suffered from epilepsy, died in a high-security prison in Wan after a court ordered his release.&nbsp;<\/p>\n\n\n\n<p>Prisoners in prisons in Adana stated that they have not been able to access their right to health due to mouth searches and handcuffed examinations.&nbsp;<\/p>\n\n\n\n<p>Following the curfew imposed in rural neighborhoods of Mardin, house raids were conducted. It is learned that 3 people have been detained so far.<\/p>\n\n\n\n<p>An insurance scam investigation initiated by a 2023-dated denouncation has been stirring Turkey. Accordingly, the organization led to the death of hundreds of babies to defraud the insurance system.<\/p>\n\n\n\n<p>In a village near Ain Issa, three 13-year-old boys were killed when mortar rounds hit a sheep pasture. The source of the attack is the Turkish jihadist occupation zone.&nbsp;<\/p>\n\n\n\n<p><strong>Turkey Today &#8211; 19.10.2024<\/strong><\/p>\n\n\n\n<p>S\u0131dd\u0131k G\u00fcler, an 84-year-old seriously ill prisoner who is wheelchair-bound, was transferred to \u0130skenderun Type T Prison with a note saying \u201cCaution! He may escape\u201d.&nbsp;<\/p>\n\n\n\n<p>President Erdo\u011fan met with the foreign ministers of Russia, Iran, Azerbaijan and Armenia, who were in Istanbul for a meeting of the 3+3 South Caucasus Regional Cooperation Platform.<\/p>\n\n\n\n<p>Fad\u0131l \u015eenya\u015far whose father and two brothers were murdered by the bodyguards and relatives of former AKP deputy Ibrahim Halil Y\u0131ld\u0131zhas been released from prison after six years and four months.&nbsp;<\/p>\n\n\n\n<p>Saturday Mothers gathered at Istanbul\u2019s Galatasaray Square in week 1021 and sought justice for Fehmi Tosun, who was forcibly disappeared under detention in 1995.<\/p>\n\n\n\n<p>The government has reintroduced the &#8220;agents of influence&#8221; bill to the parliament, previously withdrawn after public backlash. It proposes prison terms for those acting &#8220;under the strategic interests or instructions of a foreign state or organization.&#8221;<\/p>\n\n\n\n<p>2 people were arrested in M\u00eard\u00een on the allegation of \u201cfinancing an illegal organization\u201d on the grounds of \u201cgift\u201d fee transfers they made on the internet game PUBG.&nbsp;<\/p>\n\n\n\n<p><strong>Turkey Today &#8211; 18.10.2024<\/strong><\/p>\n\n\n\n<p>Aksaray Type T Closed Prison Administration and Observation Board extended the release of 30-year prisoner Tamer Tanr\u0131kulu for another 6 months despite the decision of the execution judge.&nbsp;<\/p>\n\n\n\n<p>Presidential advisor Mehmet U\u00e7um and AKP Deputy Chair Efkan Ala denied that they were seeking a new peace process regarding the Kurdish issue. \u201cThe state doesn\u2019t try again methods that it has tried and failed to achieve results, (but) finds other effective methods,\u201d U\u00e7um noted.<\/p>\n\n\n\n<p>The third hearing of the lawsuit filed by Tuncay \u00d6zdamar, WDR Cosmo Turkish Director, against the Treasury for compensation for his detention at Ankara Esenbo\u011fa Airport and 14 hours in custody, was held in Istanbul. The court ruled that \u00d6zdamar be paid 380 TL 7 kurus and 1000 TL non-pecuniary damages.<\/p>\n\n\n\n<p>Lawyers from \u00d6HD met with prisoners in prisons in Bal\u0131kesir and Izmir and noted that violations in many areas, especially the right to health and the right to life, are being experienced.&nbsp;<\/p>\n\n\n\n<p><strong>Turkey Today &#8211; 17.10.2024<\/strong><\/p>\n\n\n\n<p>Clashes erupted yesterday in northern Syria between rival Turkish-backed armed groups, resulting in a fire near Turkey\u2019s Kilis province after a rocket hit the area.&nbsp;<\/p>\n\n\n\n<p>A court issued a &#8220;forced appearance&#8221; order for former CHP chair K\u0131l\u0131\u00e7daro\u011flu in connection with a defamation lawsuit filed by President Erdo\u011fan&#8217;s old lawyer.<\/p>\n\n\n\n<p>Prisoners in K\u0131r\u015fehir Prison announced that they have started a rotating hunger strike against rights violations.<\/p>\n\n\n\n<p>The \u0130stanbul-based independent radio collective A\u00e7\u0131k Radyo was forced to end its 29-year broadcast today after its license was revoked by Turkey\u2019s media regulator over the \u201cArmenian genocide\u201d remarks during a programme.&nbsp;<\/p>\n\n\n\n<p>The police have detained some of the Fernas miners who went on hunger strike in protest of their employer, deputy of the ruling AKP Ferhat Nas\u0131ro\u011flu.<\/p>\n\n\n\n<p><strong>Turkey Today &#8211; 16.10.2024<\/strong><\/p>\n\n\n\n<p>76-year-old DEM politician S\u00fcleyman Bozkurt has been arrested for unknown reasons at his home in Malatya. During raids in Diyarbak\u0131r, 15 people were taken into custody for alleged &#8220;terror propaganda&#8221;.<\/p>\n\n\n\n<p>Kurdistan Region President Barzani will meet with Turkish President Erdo\u011fan in Ankara during an official visit as part of the steps taken towards to strengthen bilateral relations.<\/p>\n\n\n\n<p>The dead body of 21-year-old Rojin Kabai\u015f has been discovered along the coast of Van Lake, 18 days after going missing after leaving her university dorm.&nbsp;Experts note that the woman couldn&#8217;t have traveled to the discovery site on foot.<\/p>\n\n\n\n<p>A group of fascist national students tried to attack and batter Ko\u00e7 University students who were protesting recent femicides in Turkey. The group started attacking over the banners of \u201cJin, Jiyan, Azadi\u201d.&nbsp;<\/p>\n\n\n\n<p><strong>Turkey Today &#8211; 15.10.2024<\/strong><\/p>\n\n\n\n<p>More than 260 people have been arrested in nationwide raids in connection with the rally in Diyarbak\u0131r.&nbsp;<\/p>\n\n\n\n<p>Soldiers attacked the &#8220;No to war, peace now&#8221; demonstration in \u015e\u0131rnak&#8217;s Silopi district and detained 3 journalists and many Peace Mothers.<\/p>\n\n\n\n<p>Devlet Bah\u00e7eli called on Abdullah \u00d6calan, who has not been heard from for 43 months, to \u201cliquidate the organization\u201d and said: \u201cNo one should expect the state to sit at the table with terrorism.\u201d<\/p>\n\n\n\n<p>Commenting on Devlet Bah\u00e7eli&#8217;s call for Abdullah Ocalan to \u201cliquidate the organization,\u201d DEM Party Co-Chair Tuncer Bak\u0131rhan said: \u201cWe wonder how Mr. Ocalan will respond. Open the doors and let&#8217;s listen to him.\u201d<\/p>\n\n\n\n<p>The third hearing of the lawsuit filed against KHK TV reporter Ahmet Erkan Yi\u011fits\u00f6zl\u00fc, who was dismissed from his job at Anadolu Agency with a decree law, due to \u201cmembership in an armed terrorist organization\u201d Yi\u011fits\u00f6zl\u00fc was sentenced to 6 years and 3 months in prison.&nbsp;Turkey Today &#8211; 14.10.2024<\/p>\n\n\n\n<p>4 people were detained in police raids in Ad\u0131yaman&#8217;s Kahta district, including DEM Party co-chair&nbsp;Sait Dilek.&nbsp;<\/p>\n\n\n\n<p>Human Rights Association&#8217;s Commission against Racism and Discrimination filed a criminal complaint against BBP Chairman and MP Mustafa Destici.&nbsp;<\/p>\n\n\n\n<p>Journalist Pinar Gayip was detained during providing her statement regarding the complaint by a lawyer who was convicted of sexual assault.&nbsp;<\/p>\n\n\n\n<p>The first hearing of the lawsuit filed against forensic medicine specialist Prof. Dr. \u015eebnem Korur Fincanc\u0131 due to her comments on the photographs of Orhan \u0130nand\u0131, an educator who was abducted from Kyrgyzstan and brought to Turkey last year by an MIT operation was held in Istanbul. The court decided Fincanc\u0131 will be forced to attend the next hearing. Trial adjourned until January.&nbsp;<\/p>\n\n\n\n<p>&#8230;<\/p>\n\n\n\n<p><strong>Turkey Weekly 01 &#8211; 06 October 2024<\/strong><\/p>\n\n\n\n<p><strong>Turkey Today &#8211; 06.10.2024<\/strong><\/p>\n\n\n\n<p>Following a double femicide in Istanbul, women took to the streets in many places in Turkey to demand protection from violence and the right to self-determination.<\/p>\n\n\n\n<p>Elif Gemicio\u011flu, the daughter of Abdurrahman Gemicio\u011flu, who was sent to prison before his cancer treatment was completed, stated that her father was kept in the infirmary due to the risk of death and should be released.&nbsp;<\/p>\n\n\n\n<p>The house arrest order against journalists Delal Aky\u00fcz, Tolga G\u00fcney and Melike Ayd\u0131n has not been lifted for 8 months.<\/p>\n\n\n\n<p>The Energy Ministry announced that a Turkish seismic research vessel is set to arrive off the coast of Somalia by the end of October to begin exploring for oil and natural gas.&nbsp;<\/p>\n\n\n\n<p><strong>Turkey Today &#8211; 05.10.2024<\/strong><\/p>\n\n\n\n<p>Following AKP President Erdo\u011fan&#8217;s statement &#8220;Turkey is the next target&#8221;, Parliament Speaker Numan Kurtulmu\u015f announced that Parliament will convene on 8 October.&nbsp;<\/p>\n\n\n\n<p>The 67-year-old Kurd Abdurrahman Gemicio\u011flu has been sentenced to a long prison sentence and taken to prison in an ambulance. He suffers from bowel cancer and is bedridden.<\/p>\n\n\n\n<p>The investigation by the Istanbul Prosecutor&#8217;s Office into the ISIS attack on Santa Maria Church, which resulted in one death, has been concluded. The court accepted the indictment against 43 suspects who face prison sentences ranging from 7 to 349 years.<\/p>\n\n\n\n<p>Saturday Mothers gathered at Galatasaray Square in week 1019 and demanded the fate of D\u00fczg\u00fcn Tekin, who was disappeared in detention 29 years ago.&nbsp;<\/p>\n\n\n\n<p>Turkey Today &#8211; 04.10.2024<\/p>\n\n\n\n<p>Two people were killed in a Turkish drone attack on a car in Am\u00fbd\u00ea in Northern Syria on Thursday evening.&nbsp;<\/p>\n\n\n\n<p>In the Turkish parliament, a motion by the DEM party in favour of a committee of enquiry into the murder of eight-year-old Narin G\u00fcran has been rejected with the votes of the AKP and MHP.<\/p>\n\n\n\n<p>Charges have been brought against JinNews correspondent Melek Avc\u0131 by Ankara Chief Public Prosecutor&#8217;s Office due to the journalist&#8217;s reports on IS training camps in the Turkish border region.<\/p>\n\n\n\n<p>Proceedings were initiated against six village guards who refused to be sent to the war in South Kurdistan. They were threatened and their weapons were confiscated.<\/p>\n\n\n\n<p>Turkey Today &#8211; 03.10.2024<\/p>\n\n\n\n<p>At a press conference at the Council of Europe, lawyer Ibrahim Bilmez spoke about the situation of political prisoners in Turkey and the unlawful incommunicado detention of his clients in Imrali Island Prison.<\/p>\n\n\n\n<p>Tensions were apparent at the opening ceremony of the Parliament, as the DEM Party MPs protested President Erdo\u011fan by not standing up as he took the rostrum, and CHP MPs opted out of clapping.<\/p>\n\n\n\n<p>CHP leader \u00d6zg\u00fcr \u00d6zel said during an interview that he expects the appeal court to impose a political ban on Istanbul Mayor Ekrem \u0130mamo\u011flu in the ongoing trial process.<\/p>\n\n\n\n<p>DEM Party Mu\u015f MPs S\u00fcmeyye Boz \u00c7ak\u0131 and Sezai Temelli demanded the establishment of a parliamentary commission to reveal the perpetrators of the Vartinis Massacre.&nbsp;<\/p>\n\n\n\n<p>Two people, including a child, were detained in house raids in Urfa&#8217;s Serekaniye district on the allegation of &#8220;making propaganda for an illegal organisation&#8221;.&nbsp;<\/p>\n\n\n\n<p>Turkey Today &#8211; 02.10.2024<\/p>\n\n\n\n<p>Abdulkadir Kuday, a prisoner with ALS who was prevented from being released despite his severe health problems, died in Metris Type R Closed Prison.<\/p>\n\n\n\n<p>Former HDP Co-Chair Figen Y\u00fcksekda\u011f was acquitted in the lawsuit filed against her for her speech calling for the freedom of PKK Leader Abdullah \u00d6calan.&nbsp;&nbsp;<\/p>\n\n\n\n<p>The Foreign Ministry announced that Turkey is prepared to evacuate its citizens from Lebanon by air and sea if necessary.&nbsp;<\/p>\n\n\n\n<p>During a reception held for the opening of the new legislative term, MHP chair Bah\u00e7eli told CHP leader \u00d6zel, &#8220;Don&#8217;t worry, sometimes we have to say these for sake of politics&#8221; for his threats against the opposition.&nbsp;<\/p>\n\n\n\n<p>The first hearing of the case in which Contemporary Lawyers&#8217; Association member Seda \u015earald\u0131 is being tried on charges of &#8220;membership in a terrorist organization&#8221; was held in Istanbul. The court ruled to continue the detention of the lawyer. Trial adjourned until December.&nbsp;<\/p>\n\n\n\n<p>Turkey Today &#8211; 01.10.2024<\/p>\n\n\n\n<p>Turkish Foreign Ministry condemns Israel\u2019s attacks on Lebanon as \u2018occupation attempt\u2019.&nbsp;<\/p>\n\n\n\n<p>President Erdo\u011fan called on the United Nations General Assembly to recommend the use of force if the U.N. Security Council is unable to halt Israel&#8217;s attacks in Gaza and Lebanon.<\/p>\n\n\n\n<p>Six people were detained in house raids in \u015e\u0131rnak and Erzurum.&nbsp;<\/p>\n\n\n\n<p>AKP MP Ahmet Zenbilci resigned from his party, stating, &#8220;I learned that my son&#8217;s name was mentioned in an investigation.&#8221; It was later revealed that the investigation in question involved drug trafficking conducted with Zenbilci&#8217;s vehicle.&nbsp;<\/p>\n\n\n\n<p>MHP chair Devlet Bah\u00e7eli has threatened journalists and opposition figures for questioning his party\u2019s potential ties to the murder of Sinan Ate\u015f, a former leader of the Grey Wolves.&nbsp;<\/p>\n\n\n\n<p>Journalist R\u00fcstem Batum&#8217;s second hearing on charges of &#8220;insulting the president&#8221; for two posts on Twitter was held in Istanbul. The court decided to await the execution of the arrest warrant against Batum. Trial adjourned until April.&nbsp;<\/p>\n\n\n\n<p><\/p>\n\n\n\n<p><\/p>\n","protected":false},"excerpt":{"rendered":"<p>Turkey Weekly 21 &#8211; 31 October 2024 Turkey Today &#8211; 31.10.2024 \u0130stanbul&#8217;s Esenyurt district mayor has been remanded in custody on charges of &#8220;being a PKK member.&#8221; He has been replaced by a government appointed trustee.&nbsp; Minister of Justice Y\u0131lmaz&hellip; <a href=\"http:\/\/eutcc.net\/?page_id=1792\" class=\"more-link\">Continue reading <span class=\"meta-nav\">&rarr;<\/span><\/a><\/p>\n","protected":false},"author":1,"featured_media":0,"parent":0,"menu_order":0,"comment_status":"closed","ping_status":"closed","template":"","meta":{"footnotes":""},"class_list":["post-1792","page","type-page","status-publish","hentry"],"_links":{"self":[{"href":"http:\/\/eutcc.net\/index.php?rest_route=\/wp\/v2\/pages\/1792","targetHints":{"allow":["GET"]}}],"collection":[{"href":"http:\/\/eutcc.net\/index.php?rest_route=\/wp\/v2\/pages"}],"about":[{"href":"http:\/\/eutcc.net\/index.php?rest_route=\/wp\/v2\/types\/page"}],"author":[{"embeddable":true,"href":"http:\/\/eutcc.net\/index.php?rest_route=\/wp\/v2\/users\/1"}],"replies":[{"embeddable":true,"href":"http:\/\/eutcc.net\/index.php?rest_route=%2Fwp%2Fv2%2Fcomments&post=1792"}],"version-history":[{"count":0,"href":"http:\/\/eutcc.net\/index.php?rest_route=\/wp\/v2\/pages\/1792\/revisions"}],"wp:attachment":[{"href":"http:\/\/eutcc.net\/index.php?rest_route=%2Fwp%2Fv2%2Fmedia&parent=1792"}],"curies":[{"name":"wp","href":"https:\/\/api.w.org\/{rel}","templated":true}]}}