{"id":1817,"date":"2024-10-14T14:16:56","date_gmt":"2024-10-14T12:16:56","guid":{"rendered":"http:\/\/eutcc.net\/?page_id=1817"},"modified":"2024-10-14T14:16:56","modified_gmt":"2024-10-14T12:16:56","slug":"september-2024","status":"publish","type":"page","link":"http:\/\/eutcc.net\/?page_id=1817","title":{"rendered":"September 2024"},"content":{"rendered":"\n<p><strong>Turkey Weekly 23 -30 September 2024<\/strong><\/p>\n\n\n\n<p><strong>Turkey Today &#8211; 30.09.2024<\/strong><\/p>\n\n\n\n<p>Members of Hevra music group Zeynep Do\u011fan, Gencay Morko\u00e7 and Yusuf Kele\u015f were detained after making a solidarity visit to Mesopotamia Language and Culture Research Association (MED-DER).&nbsp;<\/p>\n\n\n\n<p>Foreign Minister Hakan Fidan has revealed that he held an in-person meeting with Hezbollah leader Hassan Nasrallah shortly after the Gaza war erupted last year.&nbsp;<\/p>\n\n\n\n<p>Baykar General Manager Haluk Bayraktar responded to criticism regarding the fact that the company was among the sponsors together with an Israel-based company at a fair held in Azerbaijan by saying, &#8220;We can only be proud of this development.&#8221;&nbsp;<\/p>\n\n\n\n<p>The DEM Party Women&#8217;s Assembly has launched a campaign titled \u201cWe insist on a free and equal life, we are against wars\u201d and announced that they will organize panels, conferences and workshops.<\/p>\n\n\n\n<p><strong>Turkey Today &#8211; 29.09.2024<\/strong><\/p>\n\n\n\n<p>Turkey&#8217;s foreign minister stated that Hezbollah leader Nasrallah, who was killed in an Israeli airstrike in Beirut, was a significant figure for both Lebanon and the wider region, emphasizing that it would be difficult to find a replacement for him.<\/p>\n\n\n\n<p>A Gazi University student stated that ultranationalist Grey Wolves members battered him at the university\u2019s restroom. The student filed a criminal complaint after the attack.<\/p>\n\n\n\n<p>Turkish gendarmerie temporarily detained Gazete Duvar correspondent Kadir Cesur and journalist Ru\u015fen Takva for allegedly violating a military security zone in Van&#8217;s \u00d6zalp district near the Iranian border.<\/p>\n\n\n\n<p>The Education Ministry has blocked CHP-led municipalities in \u0130zmir province from providing cleaning services to public schools, despite an ongoing hygiene crisis caused by staff shortages.<\/p>\n\n\n\n<p>New York City Mayor Eric Adams has pleaded not guilty to federal charges of accepting bribes and illegal campaign contributions from Turkish nationals. Despite the charges, the Democrat has been resisting growing calls from within his own party to resign.<\/p>\n\n\n\n<p>Two suspected perpetrators have been arrested following the attack on a DEM party office in Istanbul. Images from a surveillance camera had revealed that the men were suspected of the offence, Istanbul police announced on Sunday. A third suspect is being sought.&nbsp;<\/p>\n\n\n\n<p>Turkey Today &#8211; 28.09.2024<\/p>\n\n\n\n<p>DEM Party building in Sultangazi district of Istanbul was targeted by an armed attack last night. The windows were broken by the bullets.<\/p>\n\n\n\n<p>Media and Law Studies Association (MLSA) Co-Director Veysel Ok said, \u201cKurdish media is banned the most as a result of the deadlock in the Kurdish issue. As the Kurdish question is tried to be suppressed with violence, the Kurdish media is the first target.\u201d<\/p>\n\n\n\n<p>A copper mine is planned to be established in the area covering the rural neighbourhoods of Diyarbak\u0131r&#8217;s Lice district. Residents took to the streets in protest at the project and made a statement to the press.<\/p>\n\n\n\n<p>Mesopotamian Language and Culture Research Association&#8217;s former co-chair R\u0131fat Roni, who was detained in raids targeting Kurdish institutions, was sent to prison.&nbsp;<\/p>\n\n\n\n<p>Saturday Mothers gathered at Galatasaray Square in week 1018 and demanded justice for Abd\u00fclmecit Bask\u0131n, whose lifeless body was found in G\u00f6lba\u015f\u0131 shortly after being detained in Ankara 31 years ago.&nbsp;&nbsp;<\/p>\n\n\n\n<p>Turkey Today &#8211; 27.09.2024<\/p>\n\n\n\n<p>Bouthaina Shaaban, an adviser of Syria\u2019s President Assad, has demanded Turkey to withdraw its forces from the Syrian territory for the opening of the normalization talks that President Erdo\u011fan called for.&nbsp;<\/p>\n\n\n\n<p>U.S. prosecutors have charged New York City Mayor Eric Adams with accepting illegal campaign contributions and luxury travel from Turkish nationals who sought to influence him.<\/p>\n\n\n\n<p>President Erdo\u011fan returned Turkey after skipping the U.S. President Biden\u2019s dinner for the world leaders who attended the UN General Assembly.&nbsp;<\/p>\n\n\n\n<p>A source from the Turkish defense ministry has said that Turkey was preparing for the potential evacuation of its citizens and foreign nationals from Lebanon as Israeli attacks continued.<\/p>\n\n\n\n<p>Anadolu University submitted an inquiry to the court, asking whether the students detained at pride march face should be allowed to continue their education.&nbsp;<\/p>\n\n\n\n<p>Turkey Today &#8211; 26.09.2024<\/p>\n\n\n\n<p>\u0130smail Hakk\u0131 Pekin, former chief of military intelligence, suggested during a TV discussion the assassination of Bafel Talabani, leader of the Patriotic Union of Kurdistan in the Kurdistan Region of Iraq.&nbsp;<\/p>\n\n\n\n<p>The detention period of 29 people Diyarbak\u0131r, including Kurdish language instructors, has been extended.&nbsp;<\/p>\n\n\n\n<p>The construction of the \u201cCizre Dam\u201d, which will submerge many historical buildings in \u015eirnex, has begun. While many lands were expropriated, citizens were warned to \u201cleave the region\u201d.&nbsp;<\/p>\n\n\n\n<p>The fifth hearing of the case against MA reporter Mehmet \u015eah Oru\u00e7, who was detained for six months based on journalistic activities and open witness statements, was held in Bitlis. Trial adjourned until January.<\/p>\n\n\n\n<p>The first hearing of the case against Dilruba Kayserilio\u011flu, who is charged with &#8220;insulting the president&#8221; due to a street interview, began in \u0130zmir. Both observers and journalists were denied entry into the courtroom.&nbsp;<\/p>\n\n\n\n<p>Turkey Today &#8211; 25.09.2024<\/p>\n\n\n\n<p>The Justice Ministry has submitted its defense to the Council of Europe\u2019s Committee of Ministers regarding the case of Osman Kavala. The government argued that Kavala\u2019s trial was not politically motivated.&nbsp;<\/p>\n\n\n\n<p>A military operation was launched in areas declared as \u201cspecial security zones\u201d in rural areas of Van&#8217;s \u00c7atak district.<\/p>\n\n\n\n<p>President Erdo\u011fan stated that the values upheld by the United Nations and the Western world are &#8220;dying in Gaza&#8221; as the conflict there persists in his speech during the UN General Assembly in New York.<\/p>\n\n\n\n<p>4 people including L\u00fctfiye Burcu Kara, reporter of M\u00fccadele Birli\u011fi Newspaper, were detained in house raids in Izmir.&nbsp;<\/p>\n\n\n\n<p>A new investigation was opened against journalist Ahmet Kanbal for &#8220;publicly disseminating misleading information&#8221; due to a news article that was previously ruled &#8220;non-prosecution&#8221;.&nbsp;<\/p>\n\n\n\n<p>Turkey Today &#8211; 24.09.2024<\/p>\n\n\n\n<p>The Silvan district governor&#8217;s office in Diyarbak\u0131r has rejected the DEM Party-led municipality&#8217;s decision to rename a park to &#8220;Rind\u00eaxan&#8221; after an important Kurdish figure. The office referred to Kurdish as a &#8220;foreign language.&#8221;<\/p>\n\n\n\n<p>Hakkari Chief Public Prosecutor did not take the statement of JINNEWS reporter Rabia \u00d6nver, whose house was raided after her news on prostitution and drugs. \u00d6nver had wanted to testify at the Hakkari Courthouse with her lawyer.&nbsp;<\/p>\n\n\n\n<p>Many people were detained in house raids in Istanbul and Mardin.<\/p>\n\n\n\n<p>The US has proposed that Turkey could rejoin the F-35 fighter jet program if the S-400 missile systems purchased from Russia were stored under US control at the \u0130ncirlik Air Base.&nbsp;<\/p>\n\n\n\n<p>A court has issued its detailed ruling in the case regarding the attack suffered by Istanbul Metropolitan Mayor Ekrem \u0130mamo\u011flu during a rally in 2023. The court found all defendants guilty of intentional injury, but found no evidence that the attack was \u201cpremeditated.\u201d<\/p>\n\n\n\n<p>Turkey Today &#8211; 23.09.2024<\/p>\n\n\n\n<p>The Ministry of Interior has appointed an inspector for multilingual Zarokistan Nursery and Day Care Centers opened by Diyarbak\u0131r Metropolitan Municipality.&nbsp;<\/p>\n\n\n\n<p>The DEM Party&#8217;s Legal and Human Rights Committee called on the Committee of Ministers of the Council of Europe to initiate a violation procedure for Abdullah \u00d6calan&#8217;s \u201cright to hope.\u201d<\/p>\n\n\n\n<p>The investigation into the death of Reber Soydan, who died under suspicious circumstances in prison, has been ruled \u201cNolle prosequi\u201d.&nbsp;<\/p>\n\n\n\n<p>Evrim Kepenek, bianet\u2019s women and LGBTI+ news editor, is standing trial due to a social media post following the February 2023 earthquakes. The first hearing was held today.&nbsp;<\/p>\n\n\n\n<p><\/p>\n\n\n\n<p><\/p>\n\n\n\n<p><strong>Turkey Weekly 2 &#8211; 8 September 2024<\/strong><\/p>\n\n\n\n<p><strong>Turkey Today &#8211; 08.09.2024<\/strong><\/p>\n\n\n\n<p>Turkey has attacked a vehicle in Koban\u00ea with a drone. According to ANHA news agency, one civilian was injured.&nbsp;<\/p>\n\n\n\n<p>The dead body of 8-year-old Narin G\u00fcran, who has been missing for 19 days in Diyarbak\u0131r, was found thrown into a stream north of her village in a sack with stones in it.<\/p>\n\n\n\n<p>In Batman T-type prison Batman, 15 prisoners have been punished with two weeks of solitary confinement. The prison administration accuses them of dancing to Kurdish songs and thus carrying out propaganda for a terrorist organization.&nbsp;<\/p>\n\n\n\n<p>Since early this morning, a drone of unknown origin has been circling over the Mexm\u00fbr refugee camp in the Kurdistan Region of Iraq without significant interruption. It is suspected to be a Turkish drone.&nbsp;<\/p>\n\n\n\n<p><strong>Turkey Today &#8211; 07.09.2024<\/strong><\/p>\n\n\n\n<p>A civilian has been killed in an artillery attack by Turkish-jihadist forces in northern Syria.<\/p>\n\n\n\n<p>The UN Committee on the Rights of the Child, which accepted the application for the 6 children held by Turkey at the Habur Border Gate, asks a defense from Turkey. Lawyer Recepo\u011flu said: \u201cThis is the first application against Turkey that was accepted.\u201d<\/p>\n\n\n\n<p>Prisoner \u015eivekar Ata\u015f, who has not been released despite her serious illnesses, has been placed in solitary confinement due to disciplinary punishment.&nbsp;<\/p>\n\n\n\n<p><strong>Turkey Today &#8211; 06.09.2024<\/strong><\/p>\n\n\n\n<p>The ECHR and Committee of Ministers of the Council of Europe responded to the letter sent by Nobel laureates on the isolation of Abdullah \u00d6calan.<\/p>\n\n\n\n<p>Turkey&#8217;s National Intelligence Organization (M\u0130T) chief ibrahim Kal\u0131n visited Libya as backers of the Tripoli government search for a way out of a political impasse that has shut down Libya&#8217;s oil exports and jeopardized four years of relative stability.&nbsp;<\/p>\n\n\n\n<p>CHP will hold a party congress on Sept. 6 to change its statute. In its draft form, the party made amendments to articles regulating primary elections, term limits, and member responsibilities.<\/p>\n\n\n\n<p><strong>Turkey Today &#8211; 05.09.2024<\/strong><\/p>\n\n\n\n<p>After three people were killed in a Turkish drone attack in the Kurdistan Region of Iraq just yesterday, there has been another deadly airstrike by Turkey. One of the three victims is a child.<\/p>\n\n\n\n<p>BRICS chair Yuri Ushakov has confirmed that Turkey formally applied to join the organization. The bloc would discuss potential expansion at its Oct. summit.<\/p>\n\n\n\n<p>The lawsuit filed against lawyer Burhan Arta, who was detained and arrested in April last year based on the testimonies of confessing witness \u00dcmit Akb\u0131y\u0131k, due to &#8220;being an illegal organization member&#8221;, was held in Diyarbak\u0131r. Trial adjourned until December.&nbsp;<\/p>\n\n\n\n<p>Journalist Mehmet G\u00fcle\u015f was acquitted in the first hearing of the lawsuit filed against him due to \u201cspreading terrorist organization propaganda\u201d.<\/p>\n\n\n\n<p><strong>Turkey Today &#8211; 04.09.2024<\/strong><\/p>\n\n\n\n<p>A Turkish drone has once again attacked a vehicle in the Slemani area, killing three civilians, a father with two of his sons.<\/p>\n\n\n\n<p>Minister of Justice Y\u0131lmaz Tun\u00e7 said yesterday that street interviews are not banned in the country and that \u201ceveryone can freely express their thoughts\u201d. However, 12 young people were arrested for a banner they unfurled at the September 1 World Peace Rally in Istanbul.&nbsp;<\/p>\n\n\n\n<p>Egyptian President Abdel Fattah al-Sisi arrived in Ankara for talks with Turkish counterpart Recep Tayyip Erdo\u011fan, the first such presidential visit in 12 years.&nbsp;<\/p>\n\n\n\n<p>Prisoners in Giresun Espiye Type F Closed Prison have called for public awareness through their families against the increasing rights violations in recent days.&nbsp;<\/p>\n\n\n\n<p>While the fate of 8-year-old Narin G\u00fcran in Amed has been unknown for 15 days, there has been no progress in the investigation.&nbsp;<\/p>\n\n\n\n<p><strong>Turkey Today &#8211; 03.09.2024&nbsp;<\/strong><\/p>\n\n\n\n<p>CPT member Kamaran Osman announced that Turkey bombed the territory of the Kurdistan Region of Iraq 24 times last night.<\/p>\n\n\n\n<p>Eda \u00d6nal, the lawyer of ill prisoner Abdulkadir Kuday, stated that her client was not given water and his food was thrown in front of him.&nbsp;<\/p>\n\n\n\n<p>Tuba Sert, who is being held in Manavgat Prison, said that guards threatened prisoner Zilan Demir and subjected her to psychological violence.&nbsp;<\/p>\n\n\n\n<p>Nationalist youth group Turkey Youth Union (TGB) &#8220;physically attacked&#8221; two U.S. soldiers in civilian clothes in western Turkey, the U.S. Embassy in Turkey and the local governor&#8217;s office said, adding that 15 assailants had been detained over the incident.<\/p>\n\n\n\n<p>In Artvin province, one villager was killed and two people were wounded in an armed attack by the company workers against the villagers who wanted to stop the teams coming to cut trees for the recreation area project to be built in the forest area.<\/p>\n\n\n\n<p><strong>Turkey Today &#8211; 02.09.2024&nbsp;<\/strong><\/p>\n\n\n\n<p>Former AKP MP K\u00fcl\u00fcnk warned President Erdo\u011fan that the latter\u2019s popularity was declining following the local election defeat, and called on him to leave the presidency \u201cat the peak.\u201d&nbsp;<\/p>\n\n\n\n<p>Security camera footage captured the violence of the police while conducting GBT on young people in Batman.&nbsp;<\/p>\n\n\n\n<p>Prisoners H\u00fcseyin S\u00fcrge\u00e7 and Ersan Nazl\u0131er in Maltepe Type L Prison were transferred to another prison without informing their families.&nbsp;<\/p>\n\n\n\n<p>The release of Ata\u015f G\u00f6be, a 30-year prisoner in Bolu Type F Prison, was prevented for the second time because he refused to accept the \u201cremorse\u201d imposition.<\/p>\n\n\n\n<p>Ebubekir \u015eahin, the head of Turkey&#8217;s Radio and Television Supreme Council (RT\u00dcK), announced that new regulations would be introduced for street interviews and YouTube, requiring those who produce news and programs on the platform to obtain a license.&nbsp;<\/p>\n\n\n\n<p>&#8230;<\/p>\n\n\n\n<p><strong>Turkey Today &#8211; 01.09.2024<\/strong><\/p>\n\n\n\n<p>Three Kurds from Duhok\/KRI were attacked by a racist mob in Istanbul because they spoke Kurdish to each other. 45-year-old Hakim Lokman was stabbed in the heart and two of his cousins were injured.<\/p>\n\n\n\n<p>In Mardin&#8217;s Nusaybin district, eight villages and the surrounding area have been declared a restricted military area. The Turkish air force has bombed the Bagok mountain range.&nbsp;&nbsp;<\/p>\n\n\n\n<p>President Erdo\u011fan\u2019s advisor Ayhan Ogan threatened the opposition for those who act \u201coutrageously\u201d and said, \u201cSocial memory records their behaviors, the state takes note of them. Illegitimate uprisings will be crushed very hard.\u201d<\/p>\n\n\n\n<p>The release of 32-year prisoners Ayd\u0131n Kudat and Abdurrahman G\u00fcner was prevented for the 4th time.&nbsp;<\/p>\n\n\n\n<p>Human rights activists demanded the immediate release of seriously ill prisoners Abdulkadir Kuday and Ayhan Ayka\u00e7.<\/p>\n\n\n\n<p><\/p>\n\n\n\n<p><\/p>\n","protected":false},"excerpt":{"rendered":"<p>Turkey Weekly 23 -30 September 2024 Turkey Today &#8211; 30.09.2024 Members of Hevra music group Zeynep Do\u011fan, Gencay Morko\u00e7 and Yusuf Kele\u015f were detained after making a solidarity visit to Mesopotamia Language and Culture Research Association (MED-DER).&nbsp; Foreign Minister Hakan&hellip; <a href=\"http:\/\/eutcc.net\/?page_id=1817\" class=\"more-link\">Continue reading <span class=\"meta-nav\">&rarr;<\/span><\/a><\/p>\n","protected":false},"author":1,"featured_media":0,"parent":0,"menu_order":0,"comment_status":"closed","ping_status":"closed","template":"","meta":{"footnotes":""},"class_list":["post-1817","page","type-page","status-publish","hentry"],"_links":{"self":[{"href":"http:\/\/eutcc.net\/index.php?rest_route=\/wp\/v2\/pages\/1817","targetHints":{"allow":["GET"]}}],"collection":[{"href":"http:\/\/eutcc.net\/index.php?rest_route=\/wp\/v2\/pages"}],"about":[{"href":"http:\/\/eutcc.net\/index.php?rest_route=\/wp\/v2\/types\/page"}],"author":[{"embeddable":true,"href":"http:\/\/eutcc.net\/index.php?rest_route=\/wp\/v2\/users\/1"}],"replies":[{"embeddable":true,"href":"http:\/\/eutcc.net\/index.php?rest_route=%2Fwp%2Fv2%2Fcomments&post=1817"}],"version-history":[{"count":0,"href":"http:\/\/eutcc.net\/index.php?rest_route=\/wp\/v2\/pages\/1817\/revisions"}],"wp:attachment":[{"href":"http:\/\/eutcc.net\/index.php?rest_route=%2Fwp%2Fv2%2Fmedia&parent=1817"}],"curies":[{"name":"wp","href":"https:\/\/api.w.org\/{rel}","templated":true}]}}