{"id":2237,"date":"2026-05-06T12:13:47","date_gmt":"2026-05-06T10:13:47","guid":{"rendered":"http:\/\/eutcc.net\/?page_id=2237"},"modified":"2026-05-06T12:13:47","modified_gmt":"2026-05-06T10:13:47","slug":"mai-2026","status":"publish","type":"page","link":"http:\/\/eutcc.net\/?page_id=2237","title":{"rendered":"Mai 2026"},"content":{"rendered":"\n<p><strong>Turkey Today &#8211; 03.05.2026<\/strong><\/p>\n\n\n\n<p>Felicity Party (Saadet Partisi) MP B\u00fclent Kaya criticized the government for linking legal steps in the peace process to the \u201ccomplete disarmament\u201d of all parties, stating: \u201cWe argued that legal regulations should come into play at a crucial stage in order to establish the legal framework for disarmament.\u201d<\/p>\n\n\n\n<p>S\u0131rr\u0131 S\u00fcreyya \u00d6nder, a member of the DEM Party\u2019s Imral\u0131 delegation, was commemorated at his grave on the first anniversary of his death. In the speeches delivered, it was stated that peace would one day surely be achieved.&nbsp;<\/p>\n\n\n\n<p>Thousands of people with disabilities took part in the Pride March for People with Disabilities, organised by Amed Metropolitan Municipality and the district councils to highlight the right of people with disabilities to an equal and accessible life.&nbsp;<\/p>\n\n\n\n<p>Following the appointment of an administrator, the lawyers representing TELE1, which was subsequently put up for sale, have appealed to the Constitutional Court, arguing that the transaction is unlawful.<\/p>\n\n\n\n<p>CHP spokesperson Zeynel Emre announced that \u00d6zkan Yal\u0131m, the mayor of U\u015fak who had been arrested and suspended from office, had been expelled from the party.&nbsp;<\/p>\n\n\n\n<p>Speaking at the \u2018School of Politics\u2019 programme organised in collaboration with Istanbul University, where Ekrem \u0130mamo\u011flu\u2019s degree was revoked, Justice Minister Ak\u0131n G\u00fcrlek said, \u201cThis nation speaks through the ballot box and reaffirms its will.\u201d&nbsp;<\/p>\n\n\n\n<p>Turkey Today &#8211; 02.05.2026<\/p>\n\n\n\n<p>It has been reported that the term of office of the administrator appointed to replace Mardin\u2019s elected mayor, Ahmet T\u00fcrk, has been extended by two months. T\u00fcrk\u2019s lawyer stated that they had not received any information regarding the decision.&nbsp;<\/p>\n\n\n\n<p>Saturday Mothers gathered at Galatasaray Square in week 1101 and demanded justice for Mehmet \u015eerif Av\u015far, who was taken away in Diyarbak\u0131r 32 years ago on the pretext that he had to give a statement, and whose body was found two weeks later.&nbsp;<\/p>\n\n\n\n<p>In the election for the presidency of the Union of Turkish Municipalities, Vahap Se\u00e7er, Mayor of Mersin Metropolitan Municipality, was elected President.&nbsp;<\/p>\n\n\n\n<p>This year, the World Press Freedom Awards, presented annually by the Press Council, were awarded to journalist Merdan Yanarda\u011f, the Tele2 workers and the Onlar TV team.&nbsp;&nbsp;<\/p>\n\n\n\n<p>DNA samples were taken from 415 people in the Rojin Kabai\u015f investigation at the family\u2019s request.<\/p>\n\n\n\n<p>The Decree on the Decade of Family and Population, published in the Official Gazette, targets the struggle for equality by women and the LGBTI community, whilst signalling further restrictions on civil rights and freedom of expression in the coming period.&nbsp;<\/p>\n\n\n\n<p>According to the decree issued by President Erdo\u011fan, a total grant of 30 million dollars will be provided to Somalia, with monthly payments not exceeding 2.5 million dollars.&nbsp;<\/p>\n\n\n\n<p>Turkey Today &#8211; 01.05.2026<\/p>\n\n\n\n<p>The Istanbul Governor\u2019s Office announced that 575 people attempting to reach Taksim Square had been detained.&nbsp;<\/p>\n\n\n\n<p>Prisoner Tu\u011f\u00e7enur \u00d6zbay, whose most basic rights have been restricted on the grounds that she refused to accept the \u201cprisoner identity card\u201d application, has been on a hunger strike for 93 days. Her lawyer Do\u011fa \u0130ncesu stated that her client has dropped below 46 kilograms.&nbsp;<\/p>\n\n\n\n<p>The investigation into the case of G\u00fclistan Doku has been concluded, with inspectors appointed by the Ministry of the Interior and the Ministry of Health having completed their work. The report has been submitted to the Erzurum Chief Public Prosecutor\u2019s Office.&nbsp;<\/p>\n\n\n\n<p>DEM Party MP Pervin Buldan visited the former HDP Co-Chair Selahattin Demirta\u015f at Edirne Prison.&nbsp;<\/p>\n\n\n\n<p><\/p>\n","protected":false},"excerpt":{"rendered":"<p>Turkey Today &#8211; 03.05.2026 Felicity Party (Saadet Partisi) MP B\u00fclent Kaya criticized the government for linking legal steps in the peace process to the \u201ccomplete disarmament\u201d of all parties, stating: \u201cWe argued that legal regulations should come into play at&hellip; <a href=\"http:\/\/eutcc.net\/?page_id=2237\" class=\"more-link\">Continue reading <span class=\"meta-nav\">&rarr;<\/span><\/a><\/p>\n","protected":false},"author":1,"featured_media":0,"parent":0,"menu_order":0,"comment_status":"closed","ping_status":"closed","template":"","meta":{"footnotes":""},"class_list":["post-2237","page","type-page","status-publish","hentry"],"_links":{"self":[{"href":"http:\/\/eutcc.net\/index.php?rest_route=\/wp\/v2\/pages\/2237","targetHints":{"allow":["GET"]}}],"collection":[{"href":"http:\/\/eutcc.net\/index.php?rest_route=\/wp\/v2\/pages"}],"about":[{"href":"http:\/\/eutcc.net\/index.php?rest_route=\/wp\/v2\/types\/page"}],"author":[{"embeddable":true,"href":"http:\/\/eutcc.net\/index.php?rest_route=\/wp\/v2\/users\/1"}],"replies":[{"embeddable":true,"href":"http:\/\/eutcc.net\/index.php?rest_route=%2Fwp%2Fv2%2Fcomments&post=2237"}],"version-history":[{"count":1,"href":"http:\/\/eutcc.net\/index.php?rest_route=\/wp\/v2\/pages\/2237\/revisions"}],"predecessor-version":[{"id":2238,"href":"http:\/\/eutcc.net\/index.php?rest_route=\/wp\/v2\/pages\/2237\/revisions\/2238"}],"wp:attachment":[{"href":"http:\/\/eutcc.net\/index.php?rest_route=%2Fwp%2Fv2%2Fmedia&parent=2237"}],"curies":[{"name":"wp","href":"https:\/\/api.w.org\/{rel}","templated":true}]}}